{"id":825,"date":"2025-09-08T17:07:17","date_gmt":"2025-09-08T15:07:17","guid":{"rendered":"https:\/\/lettresdephobos.com\/?page_id=825"},"modified":"2026-03-17T20:13:47","modified_gmt":"2026-03-17T19:13:47","slug":"nouvelles-a-telecharger","status":"publish","type":"page","link":"https:\/\/lettresdephobos.com\/index.php\/nouvelles-a-telecharger\/","title":{"rendered":"Nouvelles \u00e0 t\u00e9l\u00e9charger"},"content":{"rendered":"\n<div class=\"wp-block-group alignfull is-style-section-5 is-layout-flow wp-block-group-is-layout-flow is-style-section-5--1\" style=\"min-height:100vh;margin-top:0;margin-bottom:0;padding-top:var(--wp--preset--spacing--50);padding-right:var(--wp--preset--spacing--50);padding-bottom:var(--wp--preset--spacing--50);padding-left:var(--wp--preset--spacing--50)\">\n<div class=\"wp-block-columns alignfull is-layout-flex wp-container-core-columns-is-layout-47c06fe3 wp-block-columns-is-layout-flex\">\n<div class=\"wp-block-column is-layout-flow wp-block-column-is-layout-flow\">\n<div class=\"wp-block-cover\" style=\"min-height:100vh;aspect-ratio:unset;\"><img loading=\"lazy\" decoding=\"async\" width=\"768\" height=\"1024\" class=\"wp-block-cover__image-background wp-image-826 size-large\" alt=\"\" src=\"https:\/\/lettresdephobos.com\/wp-content\/uploads\/2025\/09\/arbre-768x1024.jpg\" data-object-fit=\"cover\" srcset=\"https:\/\/lettresdephobos.com\/wp-content\/uploads\/2025\/09\/arbre-768x1024.jpg 768w, https:\/\/lettresdephobos.com\/wp-content\/uploads\/2025\/09\/arbre-225x300.jpg 225w, https:\/\/lettresdephobos.com\/wp-content\/uploads\/2025\/09\/arbre-1152x1536.jpg 1152w, https:\/\/lettresdephobos.com\/wp-content\/uploads\/2025\/09\/arbre-1536x2048.jpg 1536w, https:\/\/lettresdephobos.com\/wp-content\/uploads\/2025\/09\/arbre-scaled.jpg 1920w\" sizes=\"auto, (max-width: 768px) 100vw, 768px\" \/><span aria-hidden=\"true\" class=\"wp-block-cover__background has-background-dim-0 has-background-dim\" style=\"background-color:#7c7c7c\"><\/span><div class=\"wp-block-cover__inner-container is-layout-flow wp-block-cover-is-layout-flow\">\n<div style=\"height:var(--wp--preset--spacing--20)\" aria-hidden=\"true\" class=\"wp-block-spacer\"><\/div>\n<\/div><\/div>\n<\/div>\n\n\n\n<div class=\"wp-block-column is-layout-flow wp-block-column-is-layout-flow\">\n<p>B<\/p>\n\n\n\n<p class=\"has-x-large-font-size\">La Bastide (2023) <a href=\"https:\/\/lettresdephobos.com\/index.php\/2025\/03\/18\/la-bastide\/\">Lire et t\u00e9l\u00e9charger<\/a><\/p>\n\n\n\n<p class=\"has-medium-font-size\">Mots cl\u00e9s : <a href=\"https:\/\/lettresdephobos.com\/index.php\/tag\/conte\/\">conte<\/a> <a href=\"https:\/\/lettresdephobos.com\/index.php\/tag\/diable\/\">diable<\/a> <a href=\"https:\/\/lettresdephobos.com\/index.php\/tag\/fantastique\/\">fantastique<\/a> <a href=\"https:\/\/lettresdephobos.com\/index.php\/tag\/folie\/\">folie<\/a> <a href=\"https:\/\/lettresdephobos.com\/index.php\/tag\/provence\/\">Provence<\/a><\/p>\n\n\n\n<p class=\"has-large-font-size\"><strong>C<\/strong><\/p>\n\n\n\n<p class=\"has-x-large-font-size\">La Chaise (2022) <a href=\"https:\/\/lettresdephobos.com\/index.php\/2025\/03\/09\/la-chaise\/\">Lire <\/a>et t\u00e9l\u00e9charger <\/p>\n\n\n\n<p class=\"has-medium-font-size\">mots cl\u00e9s : <a href=\"https:\/\/lettresdephobos.com\/index.php\/tag\/femme\/\">femme<\/a> <a href=\"https:\/\/lettresdephobos.com\/index.php\/tag\/folie\/\">folie<\/a> <a href=\"https:\/\/lettresdephobos.com\/index.php\/tag\/peinture\/\">peinture<\/a><\/p>\n\n\n\n<p class=\"has-x-large-font-size\">Le coquillage de Dahud (2023)<a href=\"https:\/\/lettresdephobos.com\/index.php\/2025\/03\/12\/le-coquillage-de-dahud\/\">Lire et t\u00e9l\u00e9charger<\/a><\/p>\n\n\n\n<p class=\"has-medium-font-size\">mots cl\u00e9s : <a href=\"https:\/\/lettresdephobos.com\/index.php\/tag\/conte\/\">conte<\/a> <a href=\"https:\/\/lettresdephobos.com\/index.php\/tag\/coquillage\/\">coquillage<\/a> <a href=\"https:\/\/lettresdephobos.com\/index.php\/tag\/enfance\/\">enfance<\/a> <a href=\"https:\/\/lettresdephobos.com\/index.php\/tag\/mer\/\">mer<\/a><\/p>\n\n\n\n<p class=\"has-large-font-size\">L<\/p>\n\n\n\n<p class=\"has-x-large-font-size\">Les Lettres trouv\u00e9es de Phob\u00f3s (2024) <a href=\"https:\/\/lettresdephobos.com\/index.php\/2025\/07\/07\/un-mot-sur-les-lettres-trouvees-de-phobos\/\">Lire et t\u00e9l\u00e9charger<\/a><\/p>\n\n\n\n<p class=\"has-medium-font-size\">mots cl\u00e9s : <a href=\"https:\/\/lettresdephobos.com\/index.php\/tag\/lettre\/\">lettre<\/a> <a href=\"https:\/\/lettresdephobos.com\/index.php\/tag\/maelstrom\/\">maelstr\u00f6m<\/a> <a href=\"https:\/\/lettresdephobos.com\/index.php\/tag\/phobos\/\">Phob\u00f2s<\/a><\/p>\n\n\n\n<p>N<\/p>\n\n\n\n<p class=\"has-x-large-font-size\">Natrix Somnia (2025)<a href=\"https:\/\/lettresdephobos.com\/index.php\/2026\/03\/16\/un-mot-sur-natrix-somnia\/\"> Lire et t\u00e9l\u00e9charger<\/a><\/p>\n\n\n\n<p class=\"has-medium-font-size\">mots cl\u00e9s : <a href=\"https:\/\/lettresdephobos.com\/index.php\/tag\/conte\/\">conte<\/a> <a href=\"https:\/\/lettresdephobos.com\/index.php\/tag\/hagsploitation\/\">hagsploitation<\/a> <a href=\"https:\/\/lettresdephobos.com\/index.php\/tag\/melusine\/\">M\u00e9lusine<\/a> <a href=\"https:\/\/lettresdephobos.com\/index.php\/tag\/serpent\/\">serpent<\/a><\/p>\n<\/div>\n<\/div>\n<\/div>\n","protected":false},"excerpt":{"rendered":"<p>B La Bastide (2023) Lire et t\u00e9l\u00e9charger Mots cl\u00e9s : conte diable fantastique folie Provence C La Chaise (2022) Lire et t\u00e9l\u00e9charger mots cl\u00e9s : femme folie peinture Le coquillage de Dahud (2023)Lire et t\u00e9l\u00e9charger mots cl\u00e9s : conte coquillage enfance mer L Les Lettres trouv\u00e9es de Phob\u00f3s (2024) Lire et t\u00e9l\u00e9charger mots cl\u00e9s : [&hellip;]<\/p>\n","protected":false},"author":1,"featured_media":0,"parent":0,"menu_order":0,"comment_status":"closed","ping_status":"closed","template":"","meta":{"jetpack_post_was_ever_published":false,"footnotes":""},"class_list":["post-825","page","type-page","status-publish","hentry"],"jetpack_sharing_enabled":true,"_links":{"self":[{"href":"https:\/\/lettresdephobos.com\/index.php\/wp-json\/wp\/v2\/pages\/825","targetHints":{"allow":["GET"]}}],"collection":[{"href":"https:\/\/lettresdephobos.com\/index.php\/wp-json\/wp\/v2\/pages"}],"about":[{"href":"https:\/\/lettresdephobos.com\/index.php\/wp-json\/wp\/v2\/types\/page"}],"author":[{"embeddable":true,"href":"https:\/\/lettresdephobos.com\/index.php\/wp-json\/wp\/v2\/users\/1"}],"replies":[{"embeddable":true,"href":"https:\/\/lettresdephobos.com\/index.php\/wp-json\/wp\/v2\/comments?post=825"}],"version-history":[{"count":9,"href":"https:\/\/lettresdephobos.com\/index.php\/wp-json\/wp\/v2\/pages\/825\/revisions"}],"predecessor-version":[{"id":1680,"href":"https:\/\/lettresdephobos.com\/index.php\/wp-json\/wp\/v2\/pages\/825\/revisions\/1680"}],"wp:attachment":[{"href":"https:\/\/lettresdephobos.com\/index.php\/wp-json\/wp\/v2\/media?parent=825"}],"curies":[{"name":"wp","href":"https:\/\/api.w.org\/{rel}","templated":true}]}}