{"id":814,"date":"2025-09-08T17:06:46","date_gmt":"2025-09-08T15:06:46","guid":{"rendered":"https:\/\/lettresdephobos.com\/?page_id=814"},"modified":"2026-01-21T14:17:54","modified_gmt":"2026-01-21T13:17:54","slug":"index-des-chroniques","status":"publish","type":"page","link":"https:\/\/lettresdephobos.com\/index.php\/index-des-chroniques\/","title":{"rendered":"Index des chroniques"},"content":{"rendered":"\n<div class=\"wp-block-group alignfull is-style-section-5 is-layout-flow wp-block-group-is-layout-flow is-style-section-5--1\" style=\"min-height:100vh;margin-top:0;margin-bottom:0;padding-top:var(--wp--preset--spacing--50);padding-right:var(--wp--preset--spacing--50);padding-bottom:var(--wp--preset--spacing--50);padding-left:var(--wp--preset--spacing--50)\">\n<div class=\"wp-block-columns alignfull is-layout-flex wp-container-core-columns-is-layout-47c06fe3 wp-block-columns-is-layout-flex\">\n<div class=\"wp-block-column is-layout-flow wp-block-column-is-layout-flow\">\n<div class=\"wp-block-cover\" style=\"min-height:100vh;aspect-ratio:unset;\"><img loading=\"lazy\" decoding=\"async\" width=\"1024\" height=\"768\" class=\"wp-block-cover__image-background wp-image-816 size-large\" alt=\"\" src=\"https:\/\/lettresdephobos.com\/wp-content\/uploads\/2025\/09\/IMG_20201222_173235-1024x768.jpg\" data-object-fit=\"cover\" srcset=\"https:\/\/lettresdephobos.com\/wp-content\/uploads\/2025\/09\/IMG_20201222_173235-1024x768.jpg 1024w, https:\/\/lettresdephobos.com\/wp-content\/uploads\/2025\/09\/IMG_20201222_173235-300x225.jpg 300w, https:\/\/lettresdephobos.com\/wp-content\/uploads\/2025\/09\/IMG_20201222_173235-768x576.jpg 768w, https:\/\/lettresdephobos.com\/wp-content\/uploads\/2025\/09\/IMG_20201222_173235-1536x1152.jpg 1536w, https:\/\/lettresdephobos.com\/wp-content\/uploads\/2025\/09\/IMG_20201222_173235-2048x1536.jpg 2048w\" sizes=\"auto, (max-width: 1024px) 100vw, 1024px\" \/><span aria-hidden=\"true\" class=\"wp-block-cover__background has-background-dim-0 has-background-dim\" style=\"background-color:#373737\"><\/span><div class=\"wp-block-cover__inner-container is-layout-flow wp-block-cover-is-layout-flow\">\n<div style=\"height:var(--wp--preset--spacing--20)\" aria-hidden=\"true\" class=\"wp-block-spacer\"><\/div>\n<\/div><\/div>\n<\/div>\n\n\n\n<div class=\"wp-block-column is-layout-flow wp-block-column-is-layout-flow\">\n<p class=\"has-x-large-font-size\">Sally Nicholls &amp; Julia Sard\u00e0,<em><a href=\"https:\/\/lettresdephobos.com\/index.php\/2026\/01\/19\/le-conte-du-pecheur-la-mort-noublie-personne\/\"> Le conte du p\u00eacheur<\/a><\/em><\/p>\n\n\n\n<p class=\"has-medium-font-size\">mots cl\u00e9s : <a href=\"https:\/\/lettresdephobos.com\/index.php\/tag\/conte\/\">conte<\/a> <a href=\"https:\/\/lettresdephobos.com\/index.php\/tag\/fantastique\/\">fantastique<\/a> <a href=\"https:\/\/lettresdephobos.com\/index.php\/tag\/jeunesse\/\">jeunesse<\/a> <a href=\"https:\/\/lettresdephobos.com\/index.php\/tag\/mort\/\">mort<\/a> <\/p>\n\n\n\n<p class=\"has-text-align-left has-x-large-font-size\" style=\"line-height:1.2\">Mariana Enriquez &#8211; <em><a href=\"https:\/\/lettresdephobos.com\/index.php\/2025\/04\/12\/mariana-enriquez-les-spectres-de-la-dictature-et-de-la-violence-sociale-dans-la-litterature-gothique-sud-americaine\/\">Notre Part de Nuit<\/a><\/em><\/p>\n\n\n\n<p class=\"has-text-align-left has-medium-font-size\" style=\"line-height:1.2\">mots cl\u00e9s : <a href=\"https:\/\/lettresdephobos.com\/index.php\/tag\/argentine\/\">Argentine<\/a> <a href=\"https:\/\/lettresdephobos.com\/index.php\/tag\/dictature\/\">dictature<\/a> <a href=\"https:\/\/lettresdephobos.com\/index.php\/tag\/fantastique\/\">fantastique<\/a> <a href=\"https:\/\/lettresdephobos.com\/index.php\/tag\/femme\/\">femme<\/a> <a href=\"https:\/\/lettresdephobos.com\/index.php\/tag\/nuit\/\">nuit<\/a><\/p>\n\n\n\n<p class=\"has-text-align-left has-x-large-font-size\" style=\"line-height:1.2\">Emmanuel Polanco &#8211; <em><a href=\"https:\/\/lettresdephobos.com\/index.php\/2025\/09\/01\/lhomme-qui-revait-a-lenvers\/\">L&rsquo;Homme qui r\u00eavait \u00e0 l&rsquo;envers<\/a><\/em><\/p>\n\n\n\n<p class=\"has-text-align-left has-medium-font-size\" style=\"line-height:1.2\">mots cl\u00e9s :<a href=\"https:\/\/lettresdephobos.com\/index.php\/tag\/fantastique\/\"> fantastique<\/a> <a href=\"https:\/\/lettresdephobos.com\/index.php\/tag\/folie\/\">folie<\/a> <a href=\"https:\/\/lettresdephobos.com\/index.php\/tag\/lettre\/\">lettre<\/a> <a href=\"https:\/\/lettresdephobos.com\/index.php\/tag\/maupassant\/\">Maupassant<\/a> <a href=\"https:\/\/lettresdephobos.com\/index.php\/tag\/reve\/\">r\u00eave<\/a><\/p>\n\n\n\n<p><\/p>\n<\/div>\n<\/div>\n<\/div>\n","protected":false},"excerpt":{"rendered":"<p>Sally Nicholls &amp; Julia Sard\u00e0, Le conte du p\u00eacheur mots cl\u00e9s : conte fantastique jeunesse mort Mariana Enriquez &#8211; Notre Part de Nuit mots cl\u00e9s : Argentine dictature fantastique femme nuit Emmanuel Polanco &#8211; L&rsquo;Homme qui r\u00eavait \u00e0 l&rsquo;envers mots cl\u00e9s : fantastique folie lettre Maupassant r\u00eave<\/p>\n","protected":false},"author":1,"featured_media":0,"parent":0,"menu_order":0,"comment_status":"closed","ping_status":"closed","template":"","meta":{"jetpack_post_was_ever_published":false,"footnotes":""},"class_list":["post-814","page","type-page","status-publish","hentry"],"jetpack_sharing_enabled":true,"_links":{"self":[{"href":"https:\/\/lettresdephobos.com\/index.php\/wp-json\/wp\/v2\/pages\/814","targetHints":{"allow":["GET"]}}],"collection":[{"href":"https:\/\/lettresdephobos.com\/index.php\/wp-json\/wp\/v2\/pages"}],"about":[{"href":"https:\/\/lettresdephobos.com\/index.php\/wp-json\/wp\/v2\/types\/page"}],"author":[{"embeddable":true,"href":"https:\/\/lettresdephobos.com\/index.php\/wp-json\/wp\/v2\/users\/1"}],"replies":[{"embeddable":true,"href":"https:\/\/lettresdephobos.com\/index.php\/wp-json\/wp\/v2\/comments?post=814"}],"version-history":[{"count":8,"href":"https:\/\/lettresdephobos.com\/index.php\/wp-json\/wp\/v2\/pages\/814\/revisions"}],"predecessor-version":[{"id":1548,"href":"https:\/\/lettresdephobos.com\/index.php\/wp-json\/wp\/v2\/pages\/814\/revisions\/1548"}],"wp:attachment":[{"href":"https:\/\/lettresdephobos.com\/index.php\/wp-json\/wp\/v2\/media?parent=814"}],"curies":[{"name":"wp","href":"https:\/\/api.w.org\/{rel}","templated":true}]}}