{"id":399,"date":"2025-05-04T19:11:15","date_gmt":"2025-05-04T17:11:15","guid":{"rendered":"https:\/\/lettresdephobos.com\/?page_id=399"},"modified":"2025-11-28T20:19:18","modified_gmt":"2025-11-28T19:19:18","slug":"les-lettres-trouvees","status":"publish","type":"page","link":"https:\/\/lettresdephobos.com\/index.php\/les-lettres-trouvees\/","title":{"rendered":"Les lettres trouv\u00e9es"},"content":{"rendered":"\n<div class=\"wp-block-query alignwide is-layout-flow wp-block-query-is-layout-flow\">\n<div class=\"wp-block-group has-global-padding is-layout-constrained wp-block-group-is-layout-constrained\"><\/div>\n\n\n\n<div class=\"wp-block-group is-layout-flow wp-block-group-is-layout-flow\" style=\"padding-top:var(--wp--preset--spacing--50);padding-bottom:var(--wp--preset--spacing--50)\"><ul class=\"wp-block-post-template is-layout-grid wp-container-core-post-template-is-layout-3cd8e4d2 wp-block-post-template-is-layout-grid\"><li class=\"wp-block-post post-242 post type-post status-publish format-standard has-post-thumbnail hentry category-lettres-trouvees category-nouvelles tag-cauchemar tag-lettre tag-phobos tag-reve\">\n<h2 class=\"wp-block-post-title\">Premi\u00e8re lettre trouv\u00e9e. D\u00e9sarticulation<\/h2>\n\n<figure style=\"aspect-ratio:1;\" class=\"wp-block-post-featured-image\"><a href=\"https:\/\/lettresdephobos.com\/index.php\/2025\/04\/25\/premiere-lettre-trouvee-desarticulation\/\" target=\"_self\"  ><img loading=\"lazy\" decoding=\"async\" width=\"2560\" height=\"1222\" src=\"https:\/\/lettresdephobos.com\/wp-content\/uploads\/2025\/04\/lenfer_de_dante_alighieri_avec_.dante_alighieri_bpt6k10448149_951-scaled.jpg\" class=\"attachment-post-thumbnail size-post-thumbnail wp-post-image\" alt=\"Premi\u00e8re lettre trouv\u00e9e. D\u00e9sarticulation\" style=\"width:100%;height:100%;object-fit:cover;\" srcset=\"https:\/\/lettresdephobos.com\/wp-content\/uploads\/2025\/04\/lenfer_de_dante_alighieri_avec_.dante_alighieri_bpt6k10448149_951-scaled.jpg 2560w, https:\/\/lettresdephobos.com\/wp-content\/uploads\/2025\/04\/lenfer_de_dante_alighieri_avec_.dante_alighieri_bpt6k10448149_951-300x143.jpg 300w, https:\/\/lettresdephobos.com\/wp-content\/uploads\/2025\/04\/lenfer_de_dante_alighieri_avec_.dante_alighieri_bpt6k10448149_951-1024x489.jpg 1024w, https:\/\/lettresdephobos.com\/wp-content\/uploads\/2025\/04\/lenfer_de_dante_alighieri_avec_.dante_alighieri_bpt6k10448149_951-768x367.jpg 768w, https:\/\/lettresdephobos.com\/wp-content\/uploads\/2025\/04\/lenfer_de_dante_alighieri_avec_.dante_alighieri_bpt6k10448149_951-1536x733.jpg 1536w, https:\/\/lettresdephobos.com\/wp-content\/uploads\/2025\/04\/lenfer_de_dante_alighieri_avec_.dante_alighieri_bpt6k10448149_951-2048x977.jpg 2048w\" sizes=\"auto, (max-width: 2560px) 100vw, 2560px\" \/><\/a><\/figure>\n\n<div class=\"wp-block-post-date\"><time datetime=\"2025-04-25T13:06:34+02:00\"><a href=\"https:\/\/lettresdephobos.com\/index.php\/2025\/04\/25\/premiere-lettre-trouvee-desarticulation\/\">25 avril 2025<\/a><\/time><\/div>\n<\/li><li class=\"wp-block-post post-270 post type-post status-publish format-standard has-post-thumbnail hentry category-lettres-trouvees category-nouvelles tag-lettre tag-maelstrom tag-phobos tag-usine\">\n<h2 class=\"wp-block-post-title\">Deuxi\u00e8me lettre trouv\u00e9e &#8211; Sous la surface<\/h2>\n\n<figure style=\"aspect-ratio:1;\" class=\"wp-block-post-featured-image\"><a href=\"https:\/\/lettresdephobos.com\/index.php\/2025\/05\/03\/deuxieme-lettre-trouvee-sous-la-surface\/\" target=\"_self\"  ><img loading=\"lazy\" decoding=\"async\" width=\"528\" height=\"424\" src=\"https:\/\/lettresdephobos.com\/wp-content\/uploads\/2025\/04\/lenfer_de_dante_alighieri_avec_.dante_alighieri_bpt6k10448149_337.jpg\" class=\"attachment-post-thumbnail size-post-thumbnail wp-post-image\" alt=\"Deuxi\u00e8me lettre trouv\u00e9e &#8211; Sous la surface\" style=\"width:100%;height:100%;object-fit:cover;\" srcset=\"https:\/\/lettresdephobos.com\/wp-content\/uploads\/2025\/04\/lenfer_de_dante_alighieri_avec_.dante_alighieri_bpt6k10448149_337.jpg 528w, https:\/\/lettresdephobos.com\/wp-content\/uploads\/2025\/04\/lenfer_de_dante_alighieri_avec_.dante_alighieri_bpt6k10448149_337-300x241.jpg 300w\" sizes=\"auto, (max-width: 528px) 100vw, 528px\" \/><\/a><\/figure>\n\n<div class=\"wp-block-post-date\"><time datetime=\"2025-05-03T18:30:00+02:00\"><a href=\"https:\/\/lettresdephobos.com\/index.php\/2025\/05\/03\/deuxieme-lettre-trouvee-sous-la-surface\/\">3 mai 2025<\/a><\/time><\/div>\n<\/li><li class=\"wp-block-post post-275 post type-post status-publish format-standard has-post-thumbnail hentry category-lettres-trouvees category-nouvelles tag-cauchemar tag-lettre tag-phobos tag-reve\">\n<h2 class=\"wp-block-post-title\">Troisi\u00e8me lettre trouv\u00e9e. Les r\u00eaves sauvages<\/h2>\n\n<figure style=\"aspect-ratio:1;\" class=\"wp-block-post-featured-image\"><a href=\"https:\/\/lettresdephobos.com\/index.php\/2025\/05\/12\/troisieme-lettre-trouvee-les-reves-sauvages\/\" target=\"_self\"  ><img loading=\"lazy\" decoding=\"async\" width=\"1200\" height=\"728\" src=\"https:\/\/lettresdephobos.com\/wp-content\/uploads\/2025\/05\/lenfer_de_dante_alighieri_avec_.dante_alighieri_bpt6k10448149_229-scaled1.jpg\" class=\"attachment-post-thumbnail size-post-thumbnail wp-post-image\" alt=\"Troisi\u00e8me lettre trouv\u00e9e. Les r\u00eaves sauvages\" style=\"width:100%;height:100%;object-fit:cover;\" srcset=\"https:\/\/lettresdephobos.com\/wp-content\/uploads\/2025\/05\/lenfer_de_dante_alighieri_avec_.dante_alighieri_bpt6k10448149_229-scaled1.jpg 1200w, https:\/\/lettresdephobos.com\/wp-content\/uploads\/2025\/05\/lenfer_de_dante_alighieri_avec_.dante_alighieri_bpt6k10448149_229-scaled1-300x182.jpg 300w, https:\/\/lettresdephobos.com\/wp-content\/uploads\/2025\/05\/lenfer_de_dante_alighieri_avec_.dante_alighieri_bpt6k10448149_229-scaled1-1024x621.jpg 1024w, https:\/\/lettresdephobos.com\/wp-content\/uploads\/2025\/05\/lenfer_de_dante_alighieri_avec_.dante_alighieri_bpt6k10448149_229-scaled1-768x466.jpg 768w\" sizes=\"auto, (max-width: 1200px) 100vw, 1200px\" \/><\/a><\/figure>\n\n<div class=\"wp-block-post-date\"><time datetime=\"2025-05-12T18:00:17+02:00\"><a href=\"https:\/\/lettresdephobos.com\/index.php\/2025\/05\/12\/troisieme-lettre-trouvee-les-reves-sauvages\/\">12 mai 2025<\/a><\/time><\/div>\n<\/li><li class=\"wp-block-post post-371 post type-post status-publish format-standard has-post-thumbnail hentry category-lettres-trouvees category-nouvelles tag-cauchemar tag-lettre tag-maelstrom tag-phobos\">\n<h2 class=\"wp-block-post-title\">Quatri\u00e8me lettre trouv\u00e9e &#8211; D\u00e9labrement<\/h2>\n\n<figure style=\"aspect-ratio:1;\" class=\"wp-block-post-featured-image\"><a href=\"https:\/\/lettresdephobos.com\/index.php\/2025\/05\/26\/quatrieme-lettre-trouvee-delabrement\/\" target=\"_self\"  ><img loading=\"lazy\" decoding=\"async\" width=\"1200\" height=\"429\" src=\"https:\/\/lettresdephobos.com\/wp-content\/uploads\/2025\/05\/LEnfer_de_Dante_Alighieri_avec_.Dante_Alighieri_bpt6k10448149_405-scaled1.jpg\" class=\"attachment-post-thumbnail size-post-thumbnail wp-post-image\" alt=\"Quatri\u00e8me lettre trouv\u00e9e &#8211; D\u00e9labrement\" style=\"width:100%;height:100%;object-fit:cover;\" srcset=\"https:\/\/lettresdephobos.com\/wp-content\/uploads\/2025\/05\/LEnfer_de_Dante_Alighieri_avec_.Dante_Alighieri_bpt6k10448149_405-scaled1.jpg 1200w, https:\/\/lettresdephobos.com\/wp-content\/uploads\/2025\/05\/LEnfer_de_Dante_Alighieri_avec_.Dante_Alighieri_bpt6k10448149_405-scaled1-300x107.jpg 300w, https:\/\/lettresdephobos.com\/wp-content\/uploads\/2025\/05\/LEnfer_de_Dante_Alighieri_avec_.Dante_Alighieri_bpt6k10448149_405-scaled1-1024x366.jpg 1024w, https:\/\/lettresdephobos.com\/wp-content\/uploads\/2025\/05\/LEnfer_de_Dante_Alighieri_avec_.Dante_Alighieri_bpt6k10448149_405-scaled1-768x275.jpg 768w\" sizes=\"auto, (max-width: 1200px) 100vw, 1200px\" \/><\/a><\/figure>\n\n<div class=\"wp-block-post-date\"><time datetime=\"2025-05-26T18:00:00+02:00\"><a href=\"https:\/\/lettresdephobos.com\/index.php\/2025\/05\/26\/quatrieme-lettre-trouvee-delabrement\/\">26 mai 2025<\/a><\/time><\/div>\n<\/li><li class=\"wp-block-post post-396 post type-post status-publish format-standard has-post-thumbnail hentry category-lettres-trouvees category-nouvelles tag-lettre tag-maelstrom tag-phobos tag-usine\">\n<h2 class=\"wp-block-post-title\">Cinqui\u00e8me lettre trouv\u00e9e &#8211; Voir Phob\u00f3s<\/h2>\n\n<figure style=\"aspect-ratio:1;\" class=\"wp-block-post-featured-image\"><a href=\"https:\/\/lettresdephobos.com\/index.php\/2025\/06\/09\/cinquieme-lettre-trouvee-voir-phobos\/\" target=\"_self\"  ><img loading=\"lazy\" decoding=\"async\" width=\"1200\" height=\"723\" src=\"https:\/\/lettresdephobos.com\/wp-content\/uploads\/2025\/06\/LEnfer_de_Dante_Alighieri_avec_.Dante_Alighieri_bpt6k10448149_369-scaled1.jpg\" class=\"attachment-post-thumbnail size-post-thumbnail wp-post-image\" alt=\"Cinqui\u00e8me lettre trouv\u00e9e &#8211; Voir Phob\u00f3s\" style=\"width:100%;height:100%;object-fit:cover;\" srcset=\"https:\/\/lettresdephobos.com\/wp-content\/uploads\/2025\/06\/LEnfer_de_Dante_Alighieri_avec_.Dante_Alighieri_bpt6k10448149_369-scaled1.jpg 1200w, https:\/\/lettresdephobos.com\/wp-content\/uploads\/2025\/06\/LEnfer_de_Dante_Alighieri_avec_.Dante_Alighieri_bpt6k10448149_369-scaled1-300x181.jpg 300w, https:\/\/lettresdephobos.com\/wp-content\/uploads\/2025\/06\/LEnfer_de_Dante_Alighieri_avec_.Dante_Alighieri_bpt6k10448149_369-scaled1-1024x617.jpg 1024w, https:\/\/lettresdephobos.com\/wp-content\/uploads\/2025\/06\/LEnfer_de_Dante_Alighieri_avec_.Dante_Alighieri_bpt6k10448149_369-scaled1-768x463.jpg 768w\" sizes=\"auto, (max-width: 1200px) 100vw, 1200px\" \/><\/a><\/figure>\n\n<div class=\"wp-block-post-date\"><time datetime=\"2025-06-09T18:00:03+02:00\"><a href=\"https:\/\/lettresdephobos.com\/index.php\/2025\/06\/09\/cinquieme-lettre-trouvee-voir-phobos\/\">9 juin 2025<\/a><\/time><\/div>\n<\/li><li class=\"wp-block-post post-421 post type-post status-publish format-standard has-post-thumbnail hentry category-lettres-trouvees category-nouvelles tag-cauchemar tag-lettre tag-maelstrom tag-phobos tag-usine\">\n<h2 class=\"wp-block-post-title\">Derni\u00e8re lettre trouv\u00e9e &#8211; Le fond de l&rsquo;ab\u00eeme<\/h2>\n\n<figure style=\"aspect-ratio:1;\" class=\"wp-block-post-featured-image\"><a href=\"https:\/\/lettresdephobos.com\/index.php\/2025\/06\/23\/sixieme-lettre-trouvee-le-fond-de-labime\/\" target=\"_self\"  ><img loading=\"lazy\" decoding=\"async\" width=\"1200\" height=\"582\" src=\"https:\/\/lettresdephobos.com\/wp-content\/uploads\/2025\/06\/LEnfer_de_Dante_Alighieri_avec_.Dante_Alighieri_bpt6k10448149_954-scaled11.jpg\" class=\"attachment-post-thumbnail size-post-thumbnail wp-post-image\" alt=\"Derni\u00e8re lettre trouv\u00e9e &#8211; Le fond de l&rsquo;ab\u00eeme\" style=\"width:100%;height:100%;object-fit:cover;\" srcset=\"https:\/\/lettresdephobos.com\/wp-content\/uploads\/2025\/06\/LEnfer_de_Dante_Alighieri_avec_.Dante_Alighieri_bpt6k10448149_954-scaled11.jpg 1200w, https:\/\/lettresdephobos.com\/wp-content\/uploads\/2025\/06\/LEnfer_de_Dante_Alighieri_avec_.Dante_Alighieri_bpt6k10448149_954-scaled11-300x146.jpg 300w, https:\/\/lettresdephobos.com\/wp-content\/uploads\/2025\/06\/LEnfer_de_Dante_Alighieri_avec_.Dante_Alighieri_bpt6k10448149_954-scaled11-1024x497.jpg 1024w, https:\/\/lettresdephobos.com\/wp-content\/uploads\/2025\/06\/LEnfer_de_Dante_Alighieri_avec_.Dante_Alighieri_bpt6k10448149_954-scaled11-768x372.jpg 768w\" sizes=\"auto, (max-width: 1200px) 100vw, 1200px\" \/><\/a><\/figure>\n\n<div class=\"wp-block-post-date\"><time datetime=\"2025-06-23T18:00:00+02:00\"><a href=\"https:\/\/lettresdephobos.com\/index.php\/2025\/06\/23\/sixieme-lettre-trouvee-le-fond-de-labime\/\">23 juin 2025<\/a><\/time><\/div>\n<\/li><li class=\"wp-block-post post-435 post type-post status-publish format-standard has-post-thumbnail hentry category-lettres-trouvees category-nouvelles category-revasseries-de-poche tag-enfer tag-lettre tag-maelstrom tag-phobos\">\n<h2 class=\"wp-block-post-title\">Un mot sur les lettres trouv\u00e9es de Phob\u00f3s<\/h2>\n\n<figure style=\"aspect-ratio:1;\" class=\"wp-block-post-featured-image\"><a href=\"https:\/\/lettresdephobos.com\/index.php\/2025\/07\/07\/un-mot-sur-les-lettres-trouvees-de-phobos\/\" target=\"_self\"  ><img loading=\"lazy\" decoding=\"async\" width=\"1200\" height=\"778\" src=\"https:\/\/lettresdephobos.com\/wp-content\/uploads\/2025\/07\/LEnfer_de_Dante_Alighieri_avec_.Dante_Alighieri_bpt6k10448149_1092.jpg\" class=\"attachment-post-thumbnail size-post-thumbnail wp-post-image\" alt=\"Un mot sur les lettres trouv\u00e9es de Phob\u00f3s\" style=\"width:100%;height:100%;object-fit:cover;\" srcset=\"https:\/\/lettresdephobos.com\/wp-content\/uploads\/2025\/07\/LEnfer_de_Dante_Alighieri_avec_.Dante_Alighieri_bpt6k10448149_1092.jpg 1200w, https:\/\/lettresdephobos.com\/wp-content\/uploads\/2025\/07\/LEnfer_de_Dante_Alighieri_avec_.Dante_Alighieri_bpt6k10448149_1092-300x195.jpg 300w, https:\/\/lettresdephobos.com\/wp-content\/uploads\/2025\/07\/LEnfer_de_Dante_Alighieri_avec_.Dante_Alighieri_bpt6k10448149_1092-1024x664.jpg 1024w, https:\/\/lettresdephobos.com\/wp-content\/uploads\/2025\/07\/LEnfer_de_Dante_Alighieri_avec_.Dante_Alighieri_bpt6k10448149_1092-768x498.jpg 768w\" sizes=\"auto, (max-width: 1200px) 100vw, 1200px\" \/><\/a><\/figure>\n\n<div class=\"wp-block-post-date\"><time datetime=\"2025-07-07T18:05:00+02:00\"><a href=\"https:\/\/lettresdephobos.com\/index.php\/2025\/07\/07\/un-mot-sur-les-lettres-trouvees-de-phobos\/\">7 juillet 2025<\/a><\/time><\/div>\n<\/li><li class=\"wp-block-post post-447 post type-post status-publish format-standard has-post-thumbnail hentry category-lettres-trouvees category-nouvelles tag-lettre tag-musique tag-phobos\">\n<h2 class=\"wp-block-post-title\">La playlist des lettres trouv\u00e9es<\/h2>\n\n<figure style=\"aspect-ratio:1;\" class=\"wp-block-post-featured-image\"><a href=\"https:\/\/lettresdephobos.com\/index.php\/2025\/09\/15\/la-playlist-des-lettres-trouvees\/\" target=\"_self\"  ><img loading=\"lazy\" decoding=\"async\" width=\"1280\" height=\"873\" src=\"https:\/\/lettresdephobos.com\/wp-content\/uploads\/2025\/09\/fete-surprise.jpg\" class=\"attachment-post-thumbnail size-post-thumbnail wp-post-image\" alt=\"La playlist des lettres trouv\u00e9es\" style=\"width:100%;height:100%;object-fit:cover;\" srcset=\"https:\/\/lettresdephobos.com\/wp-content\/uploads\/2025\/09\/fete-surprise.jpg 1280w, https:\/\/lettresdephobos.com\/wp-content\/uploads\/2025\/09\/fete-surprise-300x205.jpg 300w, https:\/\/lettresdephobos.com\/wp-content\/uploads\/2025\/09\/fete-surprise-1024x698.jpg 1024w, https:\/\/lettresdephobos.com\/wp-content\/uploads\/2025\/09\/fete-surprise-768x524.jpg 768w\" sizes=\"auto, (max-width: 1280px) 100vw, 1280px\" \/><\/a><\/figure>\n\n<div class=\"wp-block-post-date\"><time datetime=\"2025-09-15T18:00:00+02:00\"><a href=\"https:\/\/lettresdephobos.com\/index.php\/2025\/09\/15\/la-playlist-des-lettres-trouvees\/\">15 septembre 2025<\/a><\/time><\/div>\n<\/li><\/ul><\/div>\n\n\n\n<div class=\"wp-block-group is-layout-flow wp-block-group-is-layout-flow\"><\/div>\n<\/div>\n","protected":false},"excerpt":{"rendered":"","protected":false},"author":1,"featured_media":0,"parent":0,"menu_order":0,"comment_status":"closed","ping_status":"closed","template":"","meta":{"jetpack_post_was_ever_published":false,"footnotes":""},"class_list":["post-399","page","type-page","status-publish","hentry"],"jetpack_sharing_enabled":true,"_links":{"self":[{"href":"https:\/\/lettresdephobos.com\/index.php\/wp-json\/wp\/v2\/pages\/399","targetHints":{"allow":["GET"]}}],"collection":[{"href":"https:\/\/lettresdephobos.com\/index.php\/wp-json\/wp\/v2\/pages"}],"about":[{"href":"https:\/\/lettresdephobos.com\/index.php\/wp-json\/wp\/v2\/types\/page"}],"author":[{"embeddable":true,"href":"https:\/\/lettresdephobos.com\/index.php\/wp-json\/wp\/v2\/users\/1"}],"replies":[{"embeddable":true,"href":"https:\/\/lettresdephobos.com\/index.php\/wp-json\/wp\/v2\/comments?post=399"}],"version-history":[{"count":10,"href":"https:\/\/lettresdephobos.com\/index.php\/wp-json\/wp\/v2\/pages\/399\/revisions"}],"predecessor-version":[{"id":1164,"href":"https:\/\/lettresdephobos.com\/index.php\/wp-json\/wp\/v2\/pages\/399\/revisions\/1164"}],"wp:attachment":[{"href":"https:\/\/lettresdephobos.com\/index.php\/wp-json\/wp\/v2\/media?parent=399"}],"curies":[{"name":"wp","href":"https:\/\/api.w.org\/{rel}","templated":true}]}}